ded by 2185670.
0
What is the remainder when 1003303 is divided by 508?
3
Calculate the remainder when 15230203 is divided by 14.
9
Calculate the remainder when 59703136 is divided by 1596.
1564
What is the remainder when 166878 is divided by 1184?
1118
What is the remainder when 21090934 is divided by 139675?
9
What is the remainder when 796188 is divided by 23?
20
What is the remainder when 12088 is divided by 3697?
997
What is the remainder when 122375 is divided by 13492?
947
Calculate the remainder when 26331 is divided by 3810.
3471
What is the remainder when 321812 is divided by 106227?
3131
Calculate the remainder when 304184 is divided by 27600.
584
Calculate the remainder when 27558868 is divided by 6889716.
4
What is the remainder when 98937 is divided by 697?
660
What is the remainder when 1526984 is divided by 17753?
226
Calculate the remainder when 5954090 is divided by 4573.
44
What is the remainder when 53217 is divided by 436?
25
Calculate the remainder when 109173511 is divided by 155.
36
What is the remainder when 391204 is divided by 38?
32
What is the remainder when 5982420 is divided by 674?
670
Calculate the remainder when 49694 is divided by 24635.
424
Calculate the remainder when 878262 is divided by 2467.
10
Calculate the remainder when 746521 is divided by 279.
196
Calculate the remainder when 1585712 is divided by 792794.
124
What is the remainder when 89848 is divided by 1548?
64
Calculate the remainder when 813538 is divided by 270602.
1732
What is the remainder when 407699 is divided by 405739?
1960
What is the remainder when 155810 is divided by 7413?
137
What is the remainder when 17036957 is divided by 2782?
2771
Calculate the remainder when 4559797 is divided by 254.
243
What is the remainder when 187415 is divided by 37472?
55
What is the remainder when 1226034 is divided by 76623?
66
Calculate the remainder when 226088 is divided by 469.
30
Calculate the remainder when 1523953 is divided by 507980.
13
Calculate the remainder when 4059439 is divided by 1410.
49
Calculate the remainder when 1720880 is divided by 37409.
66
What is the remainder when 78623 is divided by 9776?
415
Calculate the remainder when 9057964 is divided by 74.
68
What is the remainder when 649878 is divided by 51?
36
Calculate the remainder when 1598841 is divided by 79.
39
What is the remainder when 222917 is divided by 40?
37
Calculate the remainder when 121565975 is divided by 90.
5
Calculate the remainder when 14954048 is divided by 99.
98
What is the remainder when 1166722 is divided by 235?
182
What is the remainder when 14847745 is divided by 4675?
4620
Calculate the remainder when 37180710 is divided by 119.
112
Calculate the remainder when 215708 is divided by 256.
156
Calculate the remainder when 32926998 is divided by 636.
6
Calculate the remainder when 3036572 is divided by 1139.
1137
What is the remainder when 3298263 is divided by 15?
3
Calculate the remainder when 10250240 is divided by 292864.
0
What is the remainder when 42741 is divided by 2085?
1041
What is the remainder when 3592501 is divided by 684?
133
What is the remainder when 122587 is divided by 975?
712
Calculate the remainder when 2203484 is divided by 168.
164
What is the remainder when 200422 is divided by 789?
16
What is the remainder when 795825 is divided by 795400?
425
What is the remainder when 145295 is divided by 21?
17
Calculate the remainder when 59602 is divided by 1776.
994
Calculate the remainder when 7609 is divided by 1686.
865
What is the remainder when 11725116 is divided by 17167?
55
What is the remainder when 242193 is divided by 10195?
7708
What is the remainder when 2718541 is divided by 1359224?
93
Calculate the remainder when 409770 is divided by 31520.
10
Calculate the remainder when 57449766 is divided by 2693.
2690
What is the remainder when 929246384 is divided by 84?
80
Calculate the remainder when 2339430396 is divided by 9.
6
What is the remainder when 163461 is divided by 32690?
11
Calculate the remainder when 110833 is divided by 1652.
149
What is the remainder when 3132926 is divided by 1915?
1901
What is the remainder when 18776 is divided by 18402?
374
Calculate the remainder when 66216 is divided by 1477.
1228
What is the remainder when 36187873 is divided by 7237572?
13
Calculate the remainder when 7663442 is divided by 3010.
2992
What is the remainder when 431263 is divided by 906?
7
What is the remainder when 3223008 is divided by 153?
63
Calculate the remainder when 6356078 is divided by 52967.
38
Calculate the remainder when 91805 is divided by 30459.
428
Calculate the remainder when 1201292 is divided by 10094.
106
What is the remainder when 815586 is divided by 161978?
5696
What is the remainder when 50889 is divided by 2133?
1830
Calculate the remainder when 228376398 is divided by 350.
348
What is the remainder when 106929 is divided by 52490?
1949
What is the remainder when 49512136 is divided by 17759?
44
What is the remainder when 113227 is divided by 6010?
5047
What is the remainder when 88120 is divided by 5171?
213
Calculate the remainder when 1972773 is divided by 160.
133
What is the remainder when 104956 is divided by 763?
425
What is the remainder when 164429301 is divided by 83?
76
Calculate the remainder when 1703086 is divided by 849.
841
What is the remainder when 1329140 is divided by 8801?
189
Calculate the remainder when 1105176 is divided by 378.
282
What is the remainder when 4750838 is divided by 3732?
2
What is the remainder when 277589 is divided by 2319?
1628
What is the remainder when 841259954 is divided by 129?
128
What is the remainder when 2867217 is divided by 987?
969
What is the remainder when 1297948 is divided by 432532?
352
What is the remainder when 1537504 is divided by 728?
696
What is the remainder when 77633468 is divided by 4973?
4938
Calculate the remainder when 2340479 is divided by 30006.
11
What is the remainder when 6637920 is divided by 39746?
338
What is the remainder when 339636 is divided by 4536?
3972
What is the remainder when 21194073 is divided by 25?
23
Calculate the remainder when 340160 is divided by 8099.
2
What is the remainder when 670741 is divided by 750?
241
Calculate the remainder when 42025725 is divided by 10506422.
37
Calculate the remainder when 2588826 is divided by 112546.
268
What is the remainder when 222750 is divided by 11190?
10140
Calculate the remainder when 180056 is divided by 112.
72
What is the remainder when 2672899 is divided by 100?
99
Calculate the remainder when 220555 is divided by 8798.
605
What is the remainder when 1042884 is divided by 137?
40
Calculate the remainder when 8503006 is divided by 5820.
5806
What is the remainder when 31924 is divided by 2293?
2115
Calculate the remainder when 369479058 is divided by 63.
60
What is the remainder when 4941383 is divided by 2?
1
What is the remainder when 610149734 is divided by 763?
761
What is the remainder when 608221 is divided by 4571?
278
Calculate the remainder when 26383520 is divided by 389.
373
What is the remainder when 2562813 is divided by 225?
63
What is the remainder when 1577450 is divided by 356?
14
What is the remainder when 119333 is divided by 119266?
67
Calculate the remainder when 2330324 is divided by 804.
332
Calculate the remainder when 41597 is divided by 2928.
605
Calculate the remainder when 44581775 is divided by 33048.
23
What is the remainder when 11745622 is divided by 1766?
1722
Calculate the remainder when 23323332 is divided by 7774439.
15
What is the remainder when 2007706 is divided by 87?
7
What is the remainder when 37416384 is divided by 12472126?
6
Calculate the remainder when 89657 is divided by 12790.
127
What is the remainder when 15940710 is divided by 1328384?
102
Calculate the remainder when 233279 is divided by 116403.
473
What is the remainder when 32241 is divided by 8036?
97
Calculate the remainder when 26229 is divided by 26202.
27
Calculate the remainder when 25834864 is divided by 867.
865
Calculate the remainder when 9081531 is divided by 14.
11
What is the remainder when 798032209 is divided by 167?
164
Calculate the remainder when 11624248 is divided by 150.
148
Calculate the remainder when 1718831859 is divided by 387.
